 43. Determine k(9).
-2
Let c(l) = l - 22. What is c(5)?
-17
Let g(c) = -c**3 - 7*c**2 - 5*c - 5. What is g(-4)?
-33
Let q(d) = d**3 + 17*d**2 + 19*d + 15. Give q(-16).
-33
Let s(i) = 3*i + 3. Give s(-3).
-6
Let h(r) = r**2 - 40*r - 122. What is h(43)?
7
Let j(t) = -29*t + 3. Give j(-2).
61
Let b(m) = m**3 - m**2 - 2*m + 1. Calculate b(0).
1
Let w(q) = -q**3 + 16*q**2 + q + 5. Determine w(16).
21
Let z(c) = -c - 14. Determine z(-2).
-12
Let z(q) = 10*q - 5. Calculate z(5).
45
Let r(x) = 5*x**2 - 12*x - 1. Give r(3).
8
Let c(f) = -12*f. Give c(-1).
12
Let g(f) = 26*f**3 + f + 1. What is g(-1)?
-26
Let m(f) = -3*f**3 + f + 3. Give m(-2).
25
Let j(a) = 2*a + 3. What is j(-2)?
-1
Let v(l) = l**3 + l**2 - 8*l - 5. What is v(-3)?
1
Let u(x) = x**2 + 2*x - 2. What is u(1)?
1
Let y(u) = -u**3 + 4*u**2 + 34*u + 4. Give y(8).
20
Let a(y) = -7*y. Give a(2).
-14
Let a(h) = -h**3 + 9*h**2 - 10*h - 3. Calculate a(8).
-19
Let h(y) = y**3 + y**2 - y - 41. Determine h(0).
-41
Let j(q) = -q**2 - 9*q + 6. Determine j(-9).
6
Let s(c) = -c**3 + 10*c**2 + 10*c + 11. What is s(11)?
0
Let d(u) = 2*u - 35. Give d(12).
-11
Let r(b) = b**3 + 5*b**2 + 3*b - 3. Determine r(-4).
1
Let h(d) = d**2 + 11*d - 5. Determine h(-7).
-33
Let g(v) = 9*v + 533. Give g(-62).
-25
Let m(k) = k**2 + 16. Give m(0).
16
Let y(q) = 2*q**3 + q**2 - 3*q - 13. What is y(0)?
-13
Let m(t) = -3*t - 19. Give m(-6).
-1
Let f(c) = c**3 - 7*c**2 - 8*c - 10. Calculate f(8).
-10
Let x(l) = -5*l + 13. What is x(4)?
-7
Let s(l) = -14*l + 100. Give s(8).
-12
Let u(n) = -5*n + 42. What is u(22)?
-68
Let f(z) = z**3 + 8*z**2 - 2*z + 4. Give f(-7).
67
Let s(u) = u - 4. Calculate s(2).
-2
Let b(s) = s**2. Calculate b(-1).
1
Let h(n) = 2*n**2 + 45*n + 24. Determine h(-22).
2
Let z(k) = -k**2 + 34*k - 127. Calculate z(4).
-7
Let f(o) = -12*o**3 - o**2 + 4*o - 3. Give f(1).
-12
Let i(n) = n**3 - 6*n**2 - 4*n - 7. What is i(7)?
14
Let f(b) = -b + 33. Calculate f(0).
33
Let h(a) = a**2 - 41*a - 284. Determine h(47).
-2
Let z(f) = -6*f - 139. What is z(-23)?
-1
Let t(x) = x**3 + 10*x**2 + 10*x - 11. Determine t(-8).
37
Let j(q) = -q**2 - 2*q - 15. Determine j(4).
-39
Let i(o) = 6*o - 77. Determine i(13).
1
Let b(w) = 9*w**3 - 2*w**2 + w - 3. Calculate b(2).
63
Let h(x) = -7*x - 707. Give h(-100).
-7
Let a(v) = -20*v + 150. What is a(7)?
10
Let v(u) = -3*u**2 + 36*u - 9. Give v(12).
-9
Let j(w) = 9*w + 20. What is j(-3)?
-7
Let b(g) = -g**3 - 10*g**2 - 11*g + 7. Give b(-8).
-33
Let o(h) = h**3 - 5*h**2 - h - 4. What is o(6)?
26
Let u(n) = 20*n + 112. Calculate u(-7).
-28
Let q(r) = -7*r - 67. Calculate q(-4).
-39
Let m(q) = -q**3 + 5*q**2 - 2*q - 4. Calculate m(3).
8
Let g(s) = -s**3 + 8*s**2 + 11*s - 8. Determine g(7).
118
Let f(l) = -6*l + 36. Give f(8).
-12
Let p(m) = m**3 + 8*m**2 + 9*m + 5. Give p(-7).
-9
Let d(c) = -5*c - 124. Give d(-13).
-59
Let a(h) = -h**3 + 2*h**2 + 3*h - 2. Give a(3).
-2
Let m(w) = -w + 14. Give m(0).
14
Let y(l) = l**3 - 6*l**2 + 4*l + 6. Calculate y(5).
1
Let m(n) = n**3 - 15*n**2 - 2*n - 3. Give m(15).
-33
Let r(d) = -6*d - 56. Give r(-10).
4
Let k(y) = -6*y + 7. Determine k(6).
-29
Let x(n) = -2*n**2 - 81*n - 38. Calculate x(-40).
2
Let t(d) = -2*d**3 - 4*d**2 - d - 1. Calculate t(-3).
20
Let a(l) = -l**2 + 30*l - 127. Calculate a(25).
-2
Let b(o) = o**2 + 12*o + 7. Give b(-12).
7
Let s(k) = k. Calculate s(1).
1
Let w(m) = -m**2 + 2*m. What is w(3)?
-3
Let f(s) = -s**2 + s - 23. Calculate f(0).
-23
Let v(j) = 3*j + 95. Determine v(-32).
-1
Let n(v) = v**3 - 5*v**2 - 12. Determine n(6).
24
Let r(s) = s - 11. Give r(0).
-11
Let r(t) = 8*t - 53. Determine r(6).
-5
Let h(l) = -l**3 - 7*l**2 - 7*l - 3. What is h(-4)?
-23
Let g(z) = z**2 + 6*z - 61. Determine g(5).
-6
Let j(l) = 25*l - 21. What is j(1)?
4
Let o(r) = r**2 + 20*r + 33. Determine o(-17).
-18
Let h(n) = -n**3 + 6*n**2 + 6*n - 6. Determine h(7).
-13
Let b(z) = z**3 - 12*z**2 + 12*z - 20. Give b(11).
-9
Let b(t) = 3*t + 23. Determine b(-6).
5
Let b(d) = -10*d**2 + 4*d - 36. What is b(4)?
-180
Let w(y) = 3*y + 16. What is w(10)?
46
Let j(a) = a**2 + 17*a - 8. Give j(-14).
-50
Let r(a) = -a**2 - 30*a - 32. What is r(-28)?
24
Let s(t) = 4*t**2 + 5*t + 17. Calculate s(-6).
131
Let t(v) = -3*v - 10. What is t(-5)?
5
Let d(b) = 2*b**2 + 67*b - 31. Calculate d(-34).
3
Let q(l) = l**3 - 11*l**2 - 12*l - 11. Calculate q(12).
-11
Let l(y) = -y**3 + 5*y**2 - 2*y - 3. Determine l(4).
5
Let i(o) = -38*o + 75. Determine i(3).
-39
Let c(x) = 80*x - 4. Give c(1).
76
Let l(o) = 34*o**2 - o + 1. Calculate l(1).
34
Let d(n) = -n - 8. Determine d(-6).
-2
Let t(g) = -6*g + 12. Determine t(-4).
36
Let g(p) = p**3 - 7*p**2 + 2*p - 4. Determine g(7).
10
Let i(l) = 3*l + 30. Calculate i(7).
51
Let b(y) = -32*y - 290. Calculate b(-9).
-2
Let j(k) = -k**2 - 17*k + 19. Calculate j(-18).
1
Let a(h) = -14*h + 179. What is a(13)?
-3
Let r(i) = -7*i**3 + i. What is r(1)?
-6
Let y(m) = -m**3 + 6*m**2 - 6*m + 3. Calculate y(4).
11
Let z(w) = 3*w - 7. Calculate z(4).
5
Let i(j) = -j**2 - 29*j - 45. Determine i(-29).
-45
Let x(g) = g**2 - 14*g + 42. Determine x(0).
42
Let p(f) = -2*f - 6. Determine p(6).
-18
Let k(m) = 23*m - 2. Give k(2).
44
Let a(x) = -x**2 + 19*x + 82. Determine a(21).
40
Let n(u) = u**2 + 7*u - 12. Determine n(-9).
6
Let r(c) = -4*c**3 + c + 2. Give r(-2).
32
Let z(k) = -k**2 + 8*k - 27. Give z(5).
-12
Let v(o) = -o**3 - 11*o**2 - 19*o + 13. Determine v(-9).
22
Let d(y) = y**3 + y + 220. Determine d(0).
220
Let t(d) = 43*d**3 - 2*d**2 + 3*d - 2. Determine t(1).
42
Let h(y) = -2*y**2 + 5*y + 6. Give h(-4).
-46
Let i(u) = 8*u**3 - u**2 + 4*u. Calculate i(0).
0
Let t(n) = -n**2 + 14*n - 33. Determine t(9).
12
Let n(d) = -d**2 - 20*d - 104. Determine n(-14).
-20
Let r(q) = 2*q**3 - q**2 + 5*q + 3. Calculate r(-3).
-75
Let x(k) = 3*k - 13. Determine x(3).
-4
Let y(n) = 17*n - 205. Give y(11).
-18
Let w(y) = -43*y**3 + 3*y - 2. What is w(1)?
-42
Let y(t) = -t - 11. Give y(-7).
-4
Let m(d) = 2*d**2 - d + 1. Determine m(2).
7
Let z(u) = -3*u**2 - 5*u - 2. Determine z(-3).
-14
Let f(l) = -l**3 + 11*l**2 + 17*l - 14. Give f(12).
46
Let n(b) = -b**2 + 41*b - 134. Determine n(4).
14
Let d(k) = 6*k + 79. Give d(-14).
-5
Let h(t) = -t**3 + 4*t**2 + 4*t - 2. What is h(5)?
-7
Let y(f) = 3*f**2 - 4*f + 2. Give y(1).
1
Let c(v) = v**2 - 5*v - 16. Determine c(-5).
34
Let z(k) = k**2 - 7*k - 14. Calculate z(10).
16
Let h(a) = 20*a + 38. Give h(-6).
-82
Let n(h) = h**3 + 2. Calculate n(0).
2
Let v(q) = -8*q**3 - 2*q**2 + q. Give v(1).
-9
Let s(j) = 10*j**2 + 3*j. Give s(-2).
34
Let h(g) = g**3 - 4*g**2 - 2*g + 10. Calculate h(3).
-5
Let z(y) = 6*y + 10. Calculate z(-6).
-26
Let g(u) = -12*u**3 + 2*u**2 - 2*u + 1. Calculate g(1).
-11
Let u(t) = -t**2 - 21*t - 5. Determine u(-12).
103
Let b(g) = g**3 - g**2 - 2*g - 4. Give b(3).
8
Let i(p) = 4*p - 29. Give i(9).
7
Let k(b) = 24*b**2 - b. Determine k(1).
23
Let k(u) = u**2 + 21*u - 74. Give k(3).
-2
Let i(y) = -2*y**3 - 3*y**2 - 5*y - 2. Calculate i(-3).
40
Let h(n) = 4*n - 15. Give h(3).
-3
Let f(i) = i**2 + 26*i - 84. Give f(-30).
36
Let q(d) = -2*d**2 - 2*d - 1. What is q(-4)?
-25
Let k(a) = 59*a**2. Calculate k(-1).
59
Let t(m) = m**2 - 10*m - 147. Give t(18).
-3
Let i(k) = -k**3 - 7*k**2 - 4*k + 4. Give i(-5).
-26
Let k(a) = -7*a**3 - 2*a**2 + 4*a + 2. What is k(-3)?
161
Let x(k) = -5*k**2 - 2*k + 4. Determine x(-4).
-68
Let h(s) = -s**2 + s + 17. What is h(6)?
-13
Let f(i) = -8*i**2 - 8*i - 10. What is f(-5)?
-170
Let d(b) = -6*b + 62. Determine d(11).
-4
Let t(o) = o + 3. Give t(-14).
-11
Let n(i) = 94*i - 578. Determine n(6).
-14
Let v(f) = -f**2 + 6*f - 10. Calculate v(4).
-2
Let x(w) = -w**2 + 27*w - 147. Calculate x(20).
-7
Let b(z) = 27*z - 196. Give b(7).
-7
Let k(j) = 2*j**2 - 5*j - 28. Calculate k(5).
-3
Let o(y) = -y**3 + 6*y**2 - 9*y - 11. Calculate o(4).
-15
Let z(d) = -2*d + 7. Give z(5).
-3
Let p(q) = -q - 35. Determine p(-22).
-13
Let z(p) = p**2 + 6*p + 2. Calculate z(-10).
42
Let t(g) = 2*g**2 + 2*g. What is t(-2)?
4
Let j(z) = -4*z - 6. What is j(0)?
-6
Let y(g) = g**2 + 5*g + 10. Determine y(-5).
10
Let x(c) = -5*c - 17. Calculate x(7).
-52
Let k(d) = -3*d**3 - 8*d**2 + 2*d - 5. What is k(-3)?
-2
Let m(p) = -p**3 + 8*p**2 - 12*p + 42. Give m(7).
7
Let p(l) = -2*l - 13. Determine p(-4).
-5